of s(-8)?
6
Suppose 74*y + 140 = 70*y. Let p = -25 - y. Let s(b) = 20*b + 42. What is the tens digit of s(p)?
4
Let m = 98 + -406. Suppose x + 0*x = -3*u + 475, -u = -3*x + 1385. Let f = m + x. What is the units digit of f?
5
Let d = -15292 - -22840. What is the units digit of d?
8
Let a be (-1099)/(-4) - (-4)/16. Let x = a - -165. What is the tens digit of x?
4
Let q(r) = 378*r + 1. Let k be q(1). Let b(y) = k*y**2 - 1 - 307*y**2 - y + 3. What is the units digit of b(1)?
3
Let g(t) = 4*t - 77. Let f be g(-30). Suppose 0 = -4*k - 378 - 142. Let z = k - f. What is the units digit of z?
7
Let y(b) = -6*b + 14. Let j = -9 - -3. Let f be y(j). Suppose f = -3*q + 215. What is the units digit of q?
5
Suppose -5011 = -i + 5*w - 1941, 0 = 2*i + 2*w - 6152. Suppose -i = -17*q + 2*q. What is the hundreds digit of q?
2
Let o(s) = 296*s**3 + 2*s**2 - 4*s - 3. Let p(i) = -297*i**3 - 2*i**2 + 4*i + 4. Let g(a) = 6*o(a) + 5*p(a). What is the units digit of g(1)?
1
Let l(k) = -k**3 - 5*k**2 + 10*k + 26. Let q be l(-6). Suppose 4*m = -a + 184, q*m - a - 230 = -3*m. What is the tens digit of m?
4
Let o(y) = y + 1. Let v(x) = -30*x - 40*x + 32*x - 1. Let m(k) = -2*o(k) - v(k). What is the units digit of m(1)?
5
Let y = 19845 - 12626. What is the hundreds digit of y?
2
Let b(d) = -879*d - 3982. What is the hundreds digit of b(-17)?
9
Suppose -3*b + 12 = 0, 17*h - 16*h + 4*b = 3342. What is the tens digit of h?
2
Suppose 5*r = -0*r + 70. Suppose -r*i = -19*i + 10. Suppose -i*l + 840 = 2*l. What is the units digit of l?
0
Let h(t) = 3*t**3 + 47*t**2 - 820*t - 50. What is the hundreds digit of h(-25)?
9
Let s be 6/5*4/((-16)/(-170)). Let u be 1 + 0 + (s - -7). Suppose 47 + 22 = 4*q + 5*b, -4*q - 3*b + u = 0. What is the units digit of q?
1
Let f be 2 + -1 - (-2 + 178). What is the tens digit of 5/(f/15)*-497?
1
Let q(s) = s**3 + 2*s**2 - 5*s + 2. Let x be q(2). Suppose 0 = 7*i - 204 + x. Suppose -6*h = -7*h + i. What is the tens digit of h?
2
Let c be (-15)/(-150)*5*(-1 + 1). Suppose 104 = 3*g - 49. Suppose -2*y = t - g, c = y + t - 42 + 16. What is the tens digit of y?
2
What is the hundreds digit of (5995/(-10) + -6)*-4?
4
What is the thousands digit of (-5)/2 + (-4 - 20590/(-20))?
1
Suppose 7*g - 5*g + u = -15, -10 = -2*g + 4*u. What is the hundreds digit of (3 + -224)/(g - -4)?
2
Let b(n) = 3*n - 11. Let t(h) = -7*h + 21. Let d(m) = -5*b(m) - 2*t(m). Let c be d(13). Suppose 0 = -5*p - c*p + 530. What is the tens digit of p?
0
Let f(k) = -20*k + 11. Let o be f(4). Let t be (2 - 4)*o + -1. Suppose -3*w + t = -31. What is the units digit of w?
6
Let l(p) = 1167*p - 1647. What is the thousands digit of l(14)?
4
Let r(q) = -q**3 - 40*q**2 - 26*q + 111. What is the thousands digit of r(-42)?
4
Suppose -23 - 13 = -12*j. Let k(l) = -l + 2. Let d be k(j). What is the tens digit of (-3)/(d/(-51)*(-6)/4)?
0
Suppose 0 = -6*y + 5*y + 6, 2*y - 101 = -z. What is the tens digit of z?
8
Let b(x) = 110*x**2 + 44*x - 167. What is the units digit of b(4)?
9
Let w = 13 + 18. Suppose w = 11*k + 9. Suppose t - 145 = -6*m + m, t = k*m + 131. What is the hundreds digit of t?
1
Suppose 420908 + 76618 = 101*p. What is the tens digit of p?
2
Let p = -53 + -15. Let v = -30 - p. What is the tens digit of v?
3
Let v = -30 + 42. Let a(x) = -x**2 + 14*x - 18. Let s be a(v). Suppose -1955 + 629 = -s*d. What is the units digit of d?
1
Suppose -3*m + 3*f = -576, 3*f = -f + 20. Let o = 336 - m. What is the hundreds digit of o?
1
Let t(m) = m**2 + 30*m - 28. Let k be t(-31). What is the hundreds digit of 9/k + 486 - (-2 + 3)?
4
Suppose 1208536 = -52*g + 101*g. What is the units digit of g?
4
Suppose 0 = -3*q - 815 + 821. What is the thousands digit of ((-1)/q)/((-71)/143846)?
1
Let l(r) = r**3 + 4*r**2 - 14*r - 43. Let c be l(-4). Suppose -4*h + 8*h = 32. Suppose -h*y = -c*y + 1195. What is the units digit of y?
9
Let w be (-1336)/12*(-11 + 8). Suppose 4*h = 2*x + 346, w = -4*h + 8*h + 2*x. Suppose 0 = h*m - 87*m + 140. What is the tens digit of m?
7
Let b = 854 - 529. What is the units digit of b?
5
Let b be 59856/(-406) + (6/7)/2. What is the tens digit of b/28*588/(-9)?
4
Let j(g) = 592*g + 85. What is the thousands digit of j(7)?
4
Let g(z) = -z + 14. Let f be g(-7). Let m = -15 - f. What is the units digit of m*(-2 + 28/16)?
9
Let a be (-2)/4*(-1)/((-4)/(-24)). What is the tens digit of a + (-1)/(-5) + 8954/55?
6
Suppose -114*t + 145*t - 58683 = 0. What is the thousands digit of t?
1
Let o(l) = -4858*l - 1163. What is the hundreds digit of o(-5)?
1
Suppose 3*a + 11 = 5. Let k be ((14/(-3))/7)/(a/6). Suppose -l + 1044 = 4*q, 9*q + k*l - 254 = 8*q. What is the units digit of q?
2
What is the units digit of (-96)/(-12) - (-1 - 43)*228/8?
2
Suppose 3*a = 5*x + 5848 + 8156, a - 2*x = 4666. What is the tens digit of a?
7
Suppose -2*o = -9*o + 357. Let d = o - 59. What is the tens digit of ((-142)/5)/(d/20)?
7
What is the tens digit of (-246)/(-1476)*2*66777?
5
Let k = 50 - 46. Suppose 0 = -k*h + 2*i + 8 + 70, -2*h + 2*i = -40. Let r = 31 + h. What is the tens digit of r?
5
Let g = 169 - 166. Suppose -9*y = 2*s - 12*y - 1549, -4*y - 2322 = -g*s. What is the units digit of s?
0
Let p = 1985 + 13276. What is the hundreds digit of p?
2
Let a be 292/(-5) + 18/45. Let q(c) = -c**3 + 11*c**2 - 17*c + 4. Let w be q(7). Let f = a + w. What is the units digit of f?
3
Suppose -4*t - 2*s + 64614 = 0, -14*s - 48464 = -3*t - 12*s. What is the hundreds digit of t?
1
Suppose -2*g = -4*w + 209670, -262105 = -5*w - 158*g + 163*g. What is the thousands digit of w?
2
Let y(s) = 39*s + 160*s**3 - 41*s + 1 + 0. What is the units digit of y(1)?
9
Let j be (0 - 0) + (-13)/(78/(-144)). Suppose 0 = 2*h - j + 2. Suppose 192 = -h*i + 13*i. What is the units digit of i?
6
Let l = 450 + 3299. What is the tens digit of l?
4
Suppose -72*w + 401824 - 16984 = 0. What is the thousands digit of w?
5
What is the tens digit of 6230/4*1704/994?
7
What is the units digit of (-4)/((2024/(-1341318))/23)?
9
Let w = 38 - 12. Suppose -4*c + 16 = 0, -9*x = -14*x + 4*c + 494. Suppose 0 = 23*p - w*p + x. What is the tens digit of p?
3
Let l = 4622 + 1948. What is the thousands digit of l?
6
Suppose 0 = -17*s + 19787 + 63105. Suppose -7*v + s = 53. What is the hundreds digit of v?
6
Let y = -45 + 67. Let j(i) = -142*i + 12. Let f be j(y). What is the hundreds digit of (-3)/21 - f/28?
1
Suppose 21 = 4*d - d. Suppose -6*q - d*q = -2379. What is the tens digit of q?
8
Let r(x) = -9*x + 76. Let i be r(-3). Suppose 0 = -s + 5*s - v - 85, -v = 2*s - 35. Let c = i - s. What is the tens digit of c?
8
Suppose 16*u = -32 - 112. What is the hundreds digit of 3/(-18)*u*282?
4
Let f(o) = 184*o**2 + 54*o - 158. Let k = 135 + -132. What is the hundreds digit of f(k)?
6
Let u(z) = 51*z**3 + 3*z**2 + z - 6. Suppose h + 12*h - 26 = 0. What is the hundreds digit of u(h)?
4
Let r = -7320 - -21059. What is the hundreds digit of r?
7
Suppose 7*j - 5992 = 5817. Suppose -3164 = -9*g + j. What is the units digit of g?
9
Let t = -3 - 3. Let b be ((9/(-3))/6)/(1/t). What is the units digit of -2*(-120)/9*b?
0
Suppose -2*n = 7*n + 54. Let i = 94 - n. Let r = i + -33. What is the tens digit of r?
6
Suppose -v + 3 - 2 = 0, -5*o - 9 = v. Let p be (-5)/o*184/10. Suppose 44*t = p*t - 374. What is the hundreds digit of t?
1
Let v(k) = -2*k. Let a(f) = 6*f - 72. Let l(t) = -a(t) - 2*v(t). What is the tens digit of l(17)?
3
What is the units digit of (30765/((-63)/(-9)))/3?
5
Suppose -r + 26 = -25. What is the units digit of (-1 + r/68)/((-2)/4552)?
9
Suppose 6*h - 1102 = 4766. Let o = -636 + h. What is the hundreds digit of o?
3
Let i = 11130 - -14638. What is the tens digit of i?
6
Suppose s = -y + 225, 3*y = 5*y + 3*s - 447. Let b = 472 - y. What is the tens digit of b?
4
Suppose b + 5*d - 14747 = 9*d, 4*d = 8. What is the units digit of b?
5
Let c be (-8)/10 + 363312/290. Let p = -703 + c. What is the units digit of p?
9
Let y(l) = -371*l**3 - 2*l**2 + 1. Suppose c + s + 3 = 0, s + s + 9 = -5*c. Let a be y(c). Suppose 0*d + a = 5*d. What is the tens digit of d?
7
Let v = 31 + -27. Suppose v*y - 512 - 56 = 0. Let k = y - 22. What is the units digit of k?
0
Let w = -1 + 1. Let o(k) = 5*k + 40. Let r be o(w). Suppose -369 = r*u - 43*u. What is the hundreds digit of u?
1
Let w b